s digit of 24733?
2
What is the thousands digit of 1046?
1
What is the thousands digit of 2409?
2
What is the ten thousands digit of 35734?
3
What is the tens digit of 3407?
0
What is the tens digit of 2462?
6
What is the units digit of 1264?
4
What is the tens digit of 129276?
7
What is the hundreds digit of 17602?
6
What is the thousands digit of 10389?
0
What is the thousands digit of 1100?
1
What is the tens digit of 2123?
2
What is the thousands digit of 1174?
1
What is the thousands digit of 3264?
3
What is the thousands digit of 1106?
1
What is the units digit of 5186?
6
What is the tens digit of 17470?
7
What is the units digit of 46957?
7
What is the units digit of 505?
5
What is the ten thousands digit of 79477?
7
What is the hundreds digit of 1488?
4
What is the hundreds digit of 5778?
7
What is the thousands digit of 19837?
9
What is the ten thousands digit of 25601?
2
What is the units digit of 23137?
7
What is the thousands digit of 71480?
1
What is the thousands digit of 102976?
2
What is the hundreds digit of 35427?
4
What is the units digit of 31205?
5
What is the hundreds digit of 3265?
2
What is the units digit of 1987?
7
What is the thousands digit of 156901?
6
What is the tens digit of 29643?
4
What is the thousands digit of 5548?
5
What is the tens digit of 2705?
0
What is the thousands digit of 2962?
2
What is the units digit of 31885?
5
What is the units digit of 334?
4
What is the hundreds digit of 1155?
1
What is the tens digit of 556?
5
What is the tens digit of 38542?
4
What is the hundred thousands digit of 153163?
1
What is the hundreds digit of 41483?
4
What is the units digit of 77547?
7
What is the tens digit of 8863?
6
What is the hundreds digit of 1688?
6
What is the units digit of 417?
7
What is the thousands digit of 31792?
1
What is the hundreds digit of 518?
5
What is the thousands digit of 4527?
4
What is the tens digit of 26706?
0
What is the units digit of 1578?
8
What is the tens digit of 12346?
4
What is the thousands digit of 1561?
1
What is the hundreds digit of 735?
7
What is the ten thousands digit of 14746?
1
What is the tens digit of 6053?
5
What is the hundreds digit of 3638?
6
What is the tens digit of 4149?
4
What is the thousands digit of 2178?
2
What is the thousands digit of 1083?
1
What is the tens digit of 9084?
8
What is the hundreds digit of 752?
7
What is the tens digit of 1345?
4
What is the units digit of 144370?
0
What is the tens digit of 561?
6
What is the tens digit of 2580?
8
What is the units digit of 356?
6
What is the thousands digit of 4293?
4
What is the thousands digit of 13136?
3
What is the ten thousands digit of 52926?
5
What is the hundreds digit of 3623?
6
What is the hundreds digit of 737?
7
What is the units digit of 2701?
1
What is the tens digit of 922?
2
What is the tens digit of 602?
0
What is the thousands digit of 5948?
5
What is the hundreds digit of 51655?
6
What is the thousands digit of 2018?
2
What is the units digit of 17710?
0
What is the units digit of 866?
6
What is the tens digit of 1104?
0
What is the ten thousands digit of 18964?
1
What is the tens digit of 5361?
6
What is the thousands digit of 1033?
1
What is the hundreds digit of 6743?
7
What is the tens digit of 2037?
3
What is the thousands digit of 3541?
3
What is the tens digit of 114619?
1
What is the tens digit of 3586?
8
What is the tens digit of 682?
8
What is the units digit of 5523?
3
What is the units digit of 20914?
4
What is the tens digit of 18174?
7
What is the units digit of 1962?
2
What is the units digit of 26526?
6
What is the units digit of 3718?
8
What is the tens digit of 1222?
2
What is the hundreds digit of 1018?
0
What is the hundreds digit of 2053?
0
What is the thousands digit of 37632?
7
What is the hundreds digit of 29531?
5
What is the hundreds digit of 3040?
0
What is the thousands digit of 9064?
9
What is the hundreds digit of 21156?
1
What is the tens digit of 1203?
0
What is the ten thousands digit of 69186?
6
What is the units digit of 13449?
9
What is the units digit of 2273?
3
What is the units digit of 6728?
8
What is the thousands digit of 119171?
9
What is the thousands digit of 6885?
6
What is the units digit of 60314?
4
What is the thousands digit of 5961?
5
What is the hundred thousands digit of 107314?
1
What is the tens digit of 3103?
0
What is the ten thousands digit of 13980?
1
What is the thousands digit of 3781?
3
What is the tens digit of 343?
4
What is the units digit of 64828?
8
What is the hundreds digit of 1178?
1
What is the hundreds digit of 13116?
1
What is the tens digit of 932?
3
What is the tens digit of 5700?
0
What is the thousands digit of 1215?
1
What is the tens digit of 617?
1
What is the thousands digit of 81296?
1
What is the hundreds digit of 123?
1
What is the thousands digit of 3180?
3
What is the ten thousands digit of 16789?
1
What is the units digit of 37146?
6
What is the ten thousands digit of 97292?
9
What is the hundreds digit of 29830?
8
What is the units digit of 904?
4
What is the thousands digit of 25290?
5
What is the hundreds digit of 614?
6
What is the thousands digit of 8536?
8
What is the thousands digit of 70441?
0
What is the thousands digit of 4818?
4
What is the hundreds digit of 664?
6
What is the tens digit of 396?
9
What is the hundreds digit of 7531?
5
What is the tens digit of 1910?
1
What is the hundreds digit of 24338?
3
What is the units digit of 876?
6
What is the hundreds digit of 7548?
5
What is the tens digit of 3009?
0
What is the units digit of 1002?
2
What is the units digit of 2361?
1
What is the units digit of 3941?
1
What is the thousands digit of 24269?
4
What is the tens digit of 19018?
1
What is the units digit of 675?
5
What is the units digit of 8065?
5
What is the thousands digit of 70804?
0
What is the units digit of 911?
1
What is the ten thousands digit of 126206?
2
What is the thousands digit of 26528?
6
What is the thousands digit of 5413?
5
What is the tens digit of 48529?
2
What is the tens digit of 1168?
6
What is the thousands digit of 5686?
5
What is the hundreds digit of 33553?
5
What is the hundreds digit of 7407?
4
What is the ten thousands digit of 23768?
2
What is the units digit of 5477?
7
What is the hundreds digit of 1559?
5
What is the thousands digit of 7360?
7
What is the ten thousands digit of 52466?
5
What is the thousands digit of 8619?
8
What is the tens digit of 18029?
2
What is the units digit of 8507?
7
What is the hundreds digit of 6655?
6
What is the tens digit of 458?
5
What is the units digit of 911?
1
What is the tens digit of 3298?
9
What is the tens digit of 11710?
1
What is the tens digit of 919?
1
What is the hundreds digit of 5361?
3
What is the ten thousands digit of 58266?
5
What is the units digit of 41637?
7
What is the ten thousands digit of 155173?
5
What is the hundreds digit of 461?
4
What is the thousands digit of 1055?
1
What is the units digit of 53998?
8
What is the tens digit of 955?
5
What is the units digit of 297?
7
What is the tens digit of 8265?
6
What is the units digit of 1325?
5
What is the tens digit of 1024?
2
What is the thousands digit of 17817?
7
What is the tens digit of 89881?
8
What is the thousands digit of 4822?
4
What is the tens digit of 1530?
3
What is the ten thousands digit of 14157?
1
What is the tens digit of 1001?
0
What is the units digit of 9511?
1
What is the tens digit of 3698?
9
What is the units digit of 6408?
8
What is the units digit of 3685?
5
What is the hundreds digit of 306?
3
What is the tens digit of 2505?
0
What is the units digit of 4625?
5
What is the thousands digit of 40119?
0
What is the tens digit of 22963?
6
What is the tens digit of 88085?
8
What is the tens digit of 943?
4
What is the tens digit of 43?
4
What is the tens digit of 7467?
6
What is the hundreds digit of 5414?
4
What is the hundreds digit of 2186?
1
What is the units digit of 30860?
0
What is the units digit of 2490?
0
What is the hundreds digit of 15578?
5
What is the tens digit of 13488?
8
What is the thousands digit of 6535?
6
What is the ten thousands digit of 25386?
2
What is the tens digit of 229?
2
What is the tens digit of 1723?
2
What is the units digit of 9288?
8
What is the thousands digit of 3291?
3
Wh